{"id":2,"date":"2023-04-08T16:49:59","date_gmt":"2023-04-08T14:49:59","guid":{"rendered":"https:\/\/aoz.hab.ooo\/?page_id=2"},"modified":"2025-08-15T11:45:13","modified_gmt":"2025-08-15T09:45:13","slug":"beispiel-seite","status":"publish","type":"page","link":"https:\/\/aozuerichsee.ch\/","title":{"rendered":"Das Akkordeon-Orchester Z\u00fcrichsee (AOZ)"},"content":{"rendered":"\n<figure class=\"wp-block-image size-large is-resized\"><img loading=\"lazy\" decoding=\"async\" width=\"1024\" height=\"591\" src=\"https:\/\/aozuerichsee.ch\/wp-content\/uploads\/2024\/07\/IMG-20240601-WA0009-edited-e1720179719500-1024x591.jpg\" alt=\"\" class=\"wp-image-1361\" style=\"width:867px;height:auto\" srcset=\"https:\/\/aozuerichsee.ch\/wp-content\/uploads\/2024\/07\/IMG-20240601-WA0009-edited-e1720179719500-1024x591.jpg 1024w, https:\/\/aozuerichsee.ch\/wp-content\/uploads\/2024\/07\/IMG-20240601-WA0009-edited-e1720179719500-300x173.jpg 300w, https:\/\/aozuerichsee.ch\/wp-content\/uploads\/2024\/07\/IMG-20240601-WA0009-edited-e1720179719500-768x443.jpg 768w, https:\/\/aozuerichsee.ch\/wp-content\/uploads\/2024\/07\/IMG-20240601-WA0009-edited-e1720179719500.jpg 1363w\" sizes=\"auto, (max-width: 1024px) 100vw, 1024px\" \/><\/figure>\n\n\n\n<hr class=\"wp-block-separator has-alpha-channel-opacity\"\/>\n\n\n\n<p>Das Akkordeon, oft untersch\u00e4tzt, fasziniert mit seiner Vielfalt an Klangfarben und ber\u00fchrt mit emotionaler Tiefe. Es erz\u00e4hlt Geschichten, verbindet Generationen und entfaltet auf der B\u00fchne eine ganz besondere Magie.<\/p>\n\n\n\n<h3 class=\"wp-block-heading\">\ud83c\udfb6 <strong>Klangvolle Begegnung am Z\u00fcrichsee<\/strong> <\/h3>\n\n\n\n<p>Aus der gemeinsamen Leidenschaft f\u00fcr das Akkordeon entstand 2023 unter der musikalischen Leitung von <strong>Susanna Hug-Iten<\/strong> das <strong>Akkordeon Orchester Z\u00fcrichsee (AOZ)<\/strong> \u2013 hervorgegangen aus den Orchestern AO Horgen, AO R\u00fcschlikon, Thalwil, Oberrieden (AORTO) und AO W\u00e4denswil.<\/p>\n\n\n\n<h3 class=\"wp-block-heading\">\ud83c\udfb5 <strong>\u00dcber uns<\/strong><\/h3>\n\n\n\n<p>Das <strong>Akkordeon Orchester Z\u00fcrichsee (AOZ)<\/strong> vereint Akkordeonbegeisterte aus der Region um den Z\u00fcrichsee. Unter der inspirierenden Leitung von <strong>Susanna Hug-Iten<\/strong> entstehen Klangwelten, die ber\u00fchren und \u00fcberraschen. Unser Repertoire reicht von klassischer Musik bis hin zu modernen Arrangements \u2013 stets mit dem Ziel, unser Publikum zu begeistern und gemeinsam musikalisch zu wachsen. Wir sind ein bunter Mix aus langj\u00e4hrigen Musiker*innen und neuen Talenten, die eines verbindet: die Leidenschaft zum Akkordeon.<\/p>\n\n\n\n<p>Im AOZ pflegen wir nicht nur die Freude am gemeinsamen Musizieren, sondern auch eine lebendige Gemeinschaft \u2013 gepr\u00e4gt von Engagement, Freundschaft und musikalischer Neugier.<\/p>\n\n\n\n<h3 class=\"wp-block-heading\">\ud83c\udfb5 <strong>Spielen Sie Akkordeon?<\/strong><\/h3>\n\n\n\n<p>Ob jung oder erfahren, ambitioniert oder einfach aus Freude an der Musik: Wir freuen uns \u00fcber neue Mitspieler und laden herzlich zum Mitmachen ein!<\/p>\n\n\n\n<div class=\"wp-block-columns is-layout-flex wp-container-core-columns-is-layout-9d6595d7 wp-block-columns-is-layout-flex\">\n<div class=\"wp-block-column is-layout-flow wp-block-column-is-layout-flow\"><div class=\"wp-block-image is-style-rounded\">\n<figure class=\"aligncenter size-large is-resized\"><img loading=\"lazy\" decoding=\"async\" width=\"873\" height=\"1024\" src=\"https:\/\/aozuerichsee.ch\/wp-content\/uploads\/2023\/09\/Neuzuzueger_Anlass_2023-873x1024.jpg\" alt=\"Doris Schaub-Weber &amp; Peter Kolb - Neuzuz\u00fcger Anlass 2023 Schinzenhof Horgen\" class=\"wp-image-393\" style=\"width:319px;height:375px\" srcset=\"https:\/\/aozuerichsee.ch\/wp-content\/uploads\/2023\/09\/Neuzuzueger_Anlass_2023-873x1024.jpg 873w, https:\/\/aozuerichsee.ch\/wp-content\/uploads\/2023\/09\/Neuzuzueger_Anlass_2023-256x300.jpg 256w, https:\/\/aozuerichsee.ch\/wp-content\/uploads\/2023\/09\/Neuzuzueger_Anlass_2023-768x901.jpg 768w, https:\/\/aozuerichsee.ch\/wp-content\/uploads\/2023\/09\/Neuzuzueger_Anlass_2023.jpg 1200w\" sizes=\"auto, (max-width: 873px) 100vw, 873px\" \/><\/figure>\n<\/div><\/div>\n\n\n\n<div class=\"wp-block-column is-vertically-aligned-center is-layout-flow wp-block-column-is-layout-flow\">\n<p class=\"has-text-align-center\" style=\"font-size:26px\"><strong>&#8230; schnuppern Sie doch mal bei uns rein!<\/strong><\/p>\n<\/div>\n<\/div>\n\n\n\n<hr class=\"wp-block-separator has-alpha-channel-opacity\"\/>\n","protected":false},"excerpt":{"rendered":"<p>Das Akkordeon, oft untersch\u00e4tzt, fasziniert mit seiner Vielfalt an Klangfarben und ber\u00fchrt mit emotionaler Tiefe. Es erz\u00e4hlt Geschichten, verbindet Generationen und entfaltet auf der B\u00fchne eine ganz besondere Magie. \ud83c\udfb6 Klangvolle Begegnung am Z\u00fcrichsee Aus der gemeinsamen Leidenschaft f\u00fcr das Akkordeon entstand 2023 unter der musikalischen Leitung von Susanna Hug-Iten das Akkordeon Orchester Z\u00fcrichsee (AOZ)&hellip;<\/p>\n","protected":false},"author":1,"featured_media":0,"parent":0,"menu_order":0,"comment_status":"closed","ping_status":"open","template":"","meta":{"footnotes":""},"class_list":["post-2","page","type-page","status-publish","hentry"],"_links":{"self":[{"href":"https:\/\/aozuerichsee.ch\/index.php\/wp-json\/wp\/v2\/pages\/2","targetHints":{"allow":["GET"]}}],"collection":[{"href":"https:\/\/aozuerichsee.ch\/index.php\/wp-json\/wp\/v2\/pages"}],"about":[{"href":"https:\/\/aozuerichsee.ch\/index.php\/wp-json\/wp\/v2\/types\/page"}],"author":[{"embeddable":true,"href":"https:\/\/aozuerichsee.ch\/index.php\/wp-json\/wp\/v2\/users\/1"}],"replies":[{"embeddable":true,"href":"https:\/\/aozuerichsee.ch\/index.php\/wp-json\/wp\/v2\/comments?post=2"}],"version-history":[{"count":61,"href":"https:\/\/aozuerichsee.ch\/index.php\/wp-json\/wp\/v2\/pages\/2\/revisions"}],"predecessor-version":[{"id":1473,"href":"https:\/\/aozuerichsee.ch\/index.php\/wp-json\/wp\/v2\/pages\/2\/revisions\/1473"}],"wp:attachment":[{"href":"https:\/\/aozuerichsee.ch\/index.php\/wp-json\/wp\/v2\/media?parent=2"}],"curies":[{"name":"wp","href":"https:\/\/api.w.org\/{rel}","templated":true}]}}

Das Akkordeon-Orchester Zürichsee (AOZ)

<figure class="wp-block-image size-large is-resized"><img loading="lazy" decoding="async" width="1024" height="591" src="https://aozuerichsee.ch/wp-content/uploads/2024/07/IMG-20240601-WA0009-edited-e1720179719500-1024x591.jpg" alt="" class="wp-image-1361" style="width:867px;height:auto" srcset="https://aozuerichsee.ch/wp-content/uploads/2024/07/IMG-20240601-WA0009-edited-e1720179719500-1024x591.jpg 1024w, https://aozuerichsee.ch/wp-content/uploads/2024/07/IMG-20240601-WA0009-edited-e1720179719500-300x173.jpg 300w, https://aozuerichsee.ch/wp-content/uploads/2024/07/IMG-20240601-WA0009-edited-e1720179719500-768x443.jpg 768w, https://aozuerichsee.ch/wp-content/uploads/2024/07/IMG-20240601-WA0009-edited-e1720179719500.jpg 1363w" sizes="auto, (max-width: 1024px) 100vw, 1024px" /></figure>



<hr class="wp-block-separator has-alpha-channel-opacity"/>



<p>Das Akkordeon, oft unterschätzt, fasziniert mit seiner Vielfalt an Klangfarben und berührt mit emotionaler Tiefe. Es erzählt Geschichten, verbindet Generationen und entfaltet auf der Bühne eine ganz besondere Magie.</p>



<h3 class="wp-block-heading">🎶 <strong>Klangvolle Begegnung am Zürichsee</strong> </h3>



<p>Aus der gemeinsamen Leidenschaft für das Akkordeon entstand 2023 unter der musikalischen Leitung von <strong>Susanna Hug-Iten</strong> das <strong>Akkordeon Orchester Zürichsee (AOZ)</strong> – hervorgegangen aus den Orchestern AO Horgen, AO Rüschlikon, Thalwil, Oberrieden (AORTO) und AO Wädenswil.</p>



<h3 class="wp-block-heading">🎵 <strong>Über uns</strong></h3>



<p>Das <strong>Akkordeon Orchester Zürichsee (AOZ)</strong> vereint Akkordeonbegeisterte aus der Region um den Zürichsee. Unter der inspirierenden Leitung von <strong>Susanna Hug-Iten</strong> entstehen Klangwelten, die berühren und überraschen. Unser Repertoire reicht von klassischer Musik bis hin zu modernen Arrangements – stets mit dem Ziel, unser Publikum zu begeistern und gemeinsam musikalisch zu wachsen. Wir sind ein bunter Mix aus langjährigen Musiker*innen und neuen Talenten, die eines verbindet: die Leidenschaft zum Akkordeon.</p>



<p>Im AOZ pflegen wir nicht nur die Freude am gemeinsamen Musizieren, sondern auch eine lebendige Gemeinschaft – geprägt von Engagement, Freundschaft und musikalischer Neugier.</p>



<h3 class="wp-block-heading">🎵 <strong>Spielen Sie Akkordeon?</strong></h3>



<p>Ob jung oder erfahren, ambitioniert oder einfach aus Freude an der Musik: Wir freuen uns über neue Mitspieler und laden herzlich zum Mitmachen ein!</p>



<div class="wp-block-columns is-layout-flex wp-container-core-columns-is-layout-9d6595d7 wp-block-columns-is-layout-flex">
<div class="wp-block-column is-layout-flow wp-block-column-is-layout-flow"><div class="wp-block-image is-style-rounded">
<figure class="aligncenter size-large is-resized"><img loading="lazy" decoding="async" width="873" height="1024" src="https://aozuerichsee.ch/wp-content/uploads/2023/09/Neuzuzueger_Anlass_2023-873x1024.jpg" alt="Doris Schaub-Weber &amp; Peter Kolb - Neuzuzüger Anlass 2023 Schinzenhof Horgen" class="wp-image-393" style="width:319px;height:375px" srcset="https://aozuerichsee.ch/wp-content/uploads/2023/09/Neuzuzueger_Anlass_2023-873x1024.jpg 873w, https://aozuerichsee.ch/wp-content/uploads/2023/09/Neuzuzueger_Anlass_2023-256x300.jpg 256w, https://aozuerichsee.ch/wp-content/uploads/2023/09/Neuzuzueger_Anlass_2023-768x901.jpg 768w, https://aozuerichsee.ch/wp-content/uploads/2023/09/Neuzuzueger_Anlass_2023.jpg 1200w" sizes="auto, (max-width: 873px) 100vw, 873px" /></figure>
</div></div>



<div class="wp-block-column is-vertically-aligned-center is-layout-flow wp-block-column-is-layout-flow">
<p class="has-text-align-center" style="font-size:26px"><strong>&#8230; schnuppern Sie doch mal bei uns rein!</strong></p>
</div>
</div>



<hr class="wp-block-separator has-alpha-channel-opacity"/>

<p>Das Akkordeon, oft unterschätzt, fasziniert mit seiner Vielfalt an Klangfarben und berührt mit emotionaler Tiefe. Es erzählt Geschichten, verbindet Generationen und entfaltet auf der Bühne eine ganz besondere Magie. 🎶 Klangvolle Begegnung am Zürichsee Aus der gemeinsamen Leidenschaft für das Akkordeon entstand 2023 unter der musikalischen Leitung von Susanna Hug-Iten das Akkordeon Orchester Zürichsee (AOZ)&hellip;</p>
