{"id":707,"date":"2023-10-12T16:01:08","date_gmt":"2023-10-12T14:01:08","guid":{"rendered":"https:\/\/aozuerichsee.ch\/?page_id=707"},"modified":"2024-03-01T09:59:53","modified_gmt":"2024-03-01T08:59:53","slug":"akkordeon-orchester-waedenswil-ehemalig-handharmonika-club-waedenswil","status":"publish","type":"page","link":"https:\/\/aozuerichsee.ch\/index.php\/akkordeon-orchester-waedenswil-ehemalig-handharmonika-club-waedenswil\/","title":{"rendered":"Akkordeon-Orchester W\u00e4denswil (AOW)"},"content":{"rendered":"\n<h2 class=\"wp-block-heading has-text-align-center\">Die Geschichte des Akkordeon-Orchesters W\u00e4denswil (AOW) ehemalig Handharmonika-Club W\u00e4denswil (HCW)<\/h2>\n\n\n<div class=\"wp-block-image\">\n<figure class=\"aligncenter size-full is-resized\"><img loading=\"lazy\" decoding=\"async\" width=\"233\" height=\"304\" src=\"https:\/\/aozuerichsee.ch\/wp-content\/uploads\/2023\/10\/AOW.jpg\" alt=\"\" class=\"wp-image-727\" style=\"width:168px;height:219px\" srcset=\"https:\/\/aozuerichsee.ch\/wp-content\/uploads\/2023\/10\/AOW.jpg 233w, https:\/\/aozuerichsee.ch\/wp-content\/uploads\/2023\/10\/AOW-230x300.jpg 230w\" sizes=\"auto, (max-width: 233px) 100vw, 233px\" \/><\/figure>\n<\/div>\n\n\n<hr class=\"wp-block-separator has-alpha-channel-opacity\"\/>\n\n\n\n<h2 class=\"wp-block-heading has-text-align-center has-medium-font-size\">1935<\/h2>\n\n\n\n<p>Am <strong>11. November 1935 <\/strong>wurde der Verein <strong>Handharmonika-Club W\u00e4denswil <\/strong>gegr\u00fcndet. W\u00e4hrend 52 Jahren stand er unter der Leitung des Ehrendirigenten <strong>Angelo Rigon<\/strong>.<\/p>\n\n\n\n<hr class=\"wp-block-separator has-alpha-channel-opacity\"\/>\n\n\n\n<h2 class=\"wp-block-heading has-text-align-center has-medium-font-size\">1965<\/h2>\n\n\n\n<p>1965 organisierte und f\u00fchrte der Verein f\u00fcr den Z\u00fcrcher Kantonalen Harmonika-Musik-Verband ZKHMV das Kantonale Musikfest in W\u00e4denswil durch. <\/p>\n\n\n\n<hr class=\"wp-block-separator has-alpha-channel-opacity\"\/>\n\n\n\n<h2 class=\"wp-block-heading has-text-align-center has-medium-font-size\">1991<\/h2>\n\n\n\n<p><strong>Ewald Hauser<\/strong> \u00fcbernimmt als Dirigent die musikalische Leitung des Akkordeon-Orchesters W\u00e4denswil.<\/p>\n\n\n\n<hr class=\"wp-block-separator has-alpha-channel-opacity\"\/>\n\n\n\n<h2 class=\"wp-block-heading has-text-align-center has-medium-font-size\">1995<\/h2>\n\n\n\n<p>Anl\u00e4sslich des 60. Geburtstags organisierte der Verein 1995 wiederum f\u00fcr den Z\u00fcrcher Kantonalen Harmonika-Musik Verband ZKHMV das Kantonale Musikfest in W\u00e4denswil. <\/p>\n\n\n\n<p>Der Verein wurde den Instrumenten entsprechend in <strong>Akkordeon-Orchester W\u00e4denswil<\/strong> umbenannt und die neue Fahne feierlich am Musikfeest eingeweiht. <\/p>\n\n\n\n<hr class=\"wp-block-separator has-alpha-channel-opacity\"\/>\n\n\n\n<h2 class=\"wp-block-heading has-text-align-center has-medium-font-size\">1998<\/h2>\n\n\n\n<p><strong>Michael W\u00fcest<\/strong>, Inhaber der gleichnamigen Musikschule in der Au, \u00fcbernahm 1998 die musikalische Leitung als Dirigent. <\/p>\n\n\n\n<hr class=\"wp-block-separator has-alpha-channel-opacity\"\/>\n\n\n\n<h2 class=\"wp-block-heading has-text-align-center has-medium-font-size\">2009<\/h2>\n\n\n\n<p>2009 bildete das Akkordeon-Orchester W\u00e4denswil mit dem Akkordeon-Orchester R\u00fcschlikon, Thalwil und Oberrieden AO-RTO eine Spielgemeinschaft.<\/p>\n\n\n\n<hr class=\"wp-block-separator has-alpha-channel-opacity\"\/>\n\n\n\n<h2 class=\"wp-block-heading has-text-align-center has-medium-font-size\">2013<\/h2>\n\n\n\n<p>Die beiden Akkordenorchester W\u00e4denswil (AOW) und R\u00fcschlikon, Thalwil, Oberrieden (AO-RTO) nahmen im September 2013 am Festival Internazionale di Fisarmonica Guido Bogliolo teil. Veranstalter vor Ort war der bekannte Musiker und Akkordeonweltmeister Giacomo M. Bogliolo.<\/p>\n\n\n\n<hr class=\"wp-block-separator has-alpha-channel-opacity\"\/>\n\n\n\n<h2 class=\"wp-block-heading has-text-align-center has-medium-font-size\">2021<\/h2>\n\n\n\n<p>2021 wird das Akkordeon Orchester W\u00e4denswil offiziell aufgel\u00f6st. Im Namen des Akkordeon-Orchesters W\u00e4denswil verabschiedet sich der Pr\u00e4sident <strong>Traugott Weber <\/strong>im Rahmen des Konzertes in der Reformierten Kirche in W\u00e4denswil am 5. Dezember 2021. <\/p>\n\n\n\n<p>Die Spieler des Akkordeon-Orchesters W\u00e4denswil blieben der Spielgemeinschaft mit dem AO-RTO und dem im 2023 fusionierten <strong>Akkordeon Orchester Z\u00fcrichsee<\/strong> erhalten.<\/p>\n\n\n\n<figure class=\"wp-block-gallery has-nested-images columns-default is-cropped wp-block-gallery-1 is-layout-flex wp-block-gallery-is-layout-flex\">\n<figure class=\"wp-block-image size-large\"><img loading=\"lazy\" decoding=\"async\" width=\"1024\" height=\"485\" data-id=\"745\" src=\"https:\/\/aozuerichsee.ch\/wp-content\/uploads\/2023\/10\/20211205_165057-1024x485.jpg\" alt=\"\" class=\"wp-image-745\" srcset=\"https:\/\/aozuerichsee.ch\/wp-content\/uploads\/2023\/10\/20211205_165057-1024x485.jpg 1024w, https:\/\/aozuerichsee.ch\/wp-content\/uploads\/2023\/10\/20211205_165057-300x142.jpg 300w, https:\/\/aozuerichsee.ch\/wp-content\/uploads\/2023\/10\/20211205_165057-768x363.jpg 768w, https:\/\/aozuerichsee.ch\/wp-content\/uploads\/2023\/10\/20211205_165057-1536x727.jpg 1536w, https:\/\/aozuerichsee.ch\/wp-content\/uploads\/2023\/10\/20211205_165057-2048x969.jpg 2048w\" sizes=\"auto, (max-width: 1024px) 100vw, 1024px\" \/><\/figure>\n\n\n\n<figure class=\"wp-block-image size-large\"><img loading=\"lazy\" decoding=\"async\" width=\"1024\" height=\"461\" data-id=\"746\" src=\"https:\/\/aozuerichsee.ch\/wp-content\/uploads\/2023\/10\/IMG-20211205-WA0007-1024x461.jpg\" alt=\"\" class=\"wp-image-746\" srcset=\"https:\/\/aozuerichsee.ch\/wp-content\/uploads\/2023\/10\/IMG-20211205-WA0007-1024x461.jpg 1024w, https:\/\/aozuerichsee.ch\/wp-content\/uploads\/2023\/10\/IMG-20211205-WA0007-300x135.jpg 300w, https:\/\/aozuerichsee.ch\/wp-content\/uploads\/2023\/10\/IMG-20211205-WA0007-768x346.jpg 768w, https:\/\/aozuerichsee.ch\/wp-content\/uploads\/2023\/10\/IMG-20211205-WA0007-1536x692.jpg 1536w, https:\/\/aozuerichsee.ch\/wp-content\/uploads\/2023\/10\/IMG-20211205-WA0007.jpg 2016w\" sizes=\"auto, (max-width: 1024px) 100vw, 1024px\" \/><\/figure>\n<\/figure>\n\n\n\n<hr class=\"wp-block-separator has-alpha-channel-opacity\"\/>\n","protected":false},"excerpt":{"rendered":"<p>Die Geschichte des Akkordeon-Orchesters W\u00e4denswil (AOW) ehemalig Handharmonika-Club W\u00e4denswil (HCW) 1935 Am 11. November 1935 wurde der Verein Handharmonika-Club W\u00e4denswil gegr\u00fcndet. W\u00e4hrend 52 Jahren stand er unter der Leitung des Ehrendirigenten Angelo Rigon. 1965 1965 organisierte und f\u00fchrte der Verein f\u00fcr den Z\u00fcrcher Kantonalen Harmonika-Musik-Verband ZKHMV das Kantonale Musikfest in W\u00e4denswil durch. 1991 Ewald Hauser&hellip;<\/p>\n","protected":false},"author":3,"featured_media":0,"parent":0,"menu_order":0,"comment_status":"closed","ping_status":"closed","template":"","meta":{"footnotes":""},"class_list":["post-707","page","type-page","status-publish","hentry"],"_links":{"self":[{"href":"https:\/\/aozuerichsee.ch\/index.php\/wp-json\/wp\/v2\/pages\/707","targetHints":{"allow":["GET"]}}],"collection":[{"href":"https:\/\/aozuerichsee.ch\/index.php\/wp-json\/wp\/v2\/pages"}],"about":[{"href":"https:\/\/aozuerichsee.ch\/index.php\/wp-json\/wp\/v2\/types\/page"}],"author":[{"embeddable":true,"href":"https:\/\/aozuerichsee.ch\/index.php\/wp-json\/wp\/v2\/users\/3"}],"replies":[{"embeddable":true,"href":"https:\/\/aozuerichsee.ch\/index.php\/wp-json\/wp\/v2\/comments?post=707"}],"version-history":[{"count":20,"href":"https:\/\/aozuerichsee.ch\/index.php\/wp-json\/wp\/v2\/pages\/707\/revisions"}],"predecessor-version":[{"id":1267,"href":"https:\/\/aozuerichsee.ch\/index.php\/wp-json\/wp\/v2\/pages\/707\/revisions\/1267"}],"wp:attachment":[{"href":"https:\/\/aozuerichsee.ch\/index.php\/wp-json\/wp\/v2\/media?parent=707"}],"curies":[{"name":"wp","href":"https:\/\/api.w.org\/{rel}","templated":true}]}}

Akkordeon-Orchester Wädenswil (AOW)

<h2 class="wp-block-heading has-text-align-center">Die Geschichte des Akkordeon-Orchesters Wädenswil (AOW) ehemalig Handharmonika-Club Wädenswil (HCW)</h2>


<div class="wp-block-image">
<figure class="aligncenter size-full is-resized"><img loading="lazy" decoding="async" width="233" height="304" src="https://aozuerichsee.ch/wp-content/uploads/2023/10/AOW.jpg" alt="" class="wp-image-727" style="width:168px;height:219px" srcset="https://aozuerichsee.ch/wp-content/uploads/2023/10/AOW.jpg 233w, https://aozuerichsee.ch/wp-content/uploads/2023/10/AOW-230x300.jpg 230w" sizes="auto, (max-width: 233px) 100vw, 233px" /></figure>
</div>


<hr class="wp-block-separator has-alpha-channel-opacity"/>



<h2 class="wp-block-heading has-text-align-center has-medium-font-size">1935</h2>



<p>Am <strong>11. November 1935 </strong>wurde der Verein <strong>Handharmonika-Club Wädenswil </strong>gegründet. Während 52 Jahren stand er unter der Leitung des Ehrendirigenten <strong>Angelo Rigon</strong>.</p>



<hr class="wp-block-separator has-alpha-channel-opacity"/>



<h2 class="wp-block-heading has-text-align-center has-medium-font-size">1965</h2>



<p>1965 organisierte und führte der Verein für den Zürcher Kantonalen Harmonika-Musik-Verband ZKHMV das Kantonale Musikfest in Wädenswil durch. </p>



<hr class="wp-block-separator has-alpha-channel-opacity"/>



<h2 class="wp-block-heading has-text-align-center has-medium-font-size">1991</h2>



<p><strong>Ewald Hauser</strong> übernimmt als Dirigent die musikalische Leitung des Akkordeon-Orchesters Wädenswil.</p>



<hr class="wp-block-separator has-alpha-channel-opacity"/>



<h2 class="wp-block-heading has-text-align-center has-medium-font-size">1995</h2>



<p>Anlässlich des 60. Geburtstags organisierte der Verein 1995 wiederum für den Zürcher Kantonalen Harmonika-Musik Verband ZKHMV das Kantonale Musikfest in Wädenswil. </p>



<p>Der Verein wurde den Instrumenten entsprechend in <strong>Akkordeon-Orchester Wädenswil</strong> umbenannt und die neue Fahne feierlich am Musikfeest eingeweiht. </p>



<hr class="wp-block-separator has-alpha-channel-opacity"/>



<h2 class="wp-block-heading has-text-align-center has-medium-font-size">1998</h2>



<p><strong>Michael Wüest</strong>, Inhaber der gleichnamigen Musikschule in der Au, übernahm 1998 die musikalische Leitung als Dirigent. </p>



<hr class="wp-block-separator has-alpha-channel-opacity"/>



<h2 class="wp-block-heading has-text-align-center has-medium-font-size">2009</h2>



<p>2009 bildete das Akkordeon-Orchester Wädenswil mit dem Akkordeon-Orchester Rüschlikon, Thalwil und Oberrieden AO-RTO eine Spielgemeinschaft.</p>



<hr class="wp-block-separator has-alpha-channel-opacity"/>



<h2 class="wp-block-heading has-text-align-center has-medium-font-size">2013</h2>



<p>Die beiden Akkordenorchester Wädenswil (AOW) und Rüschlikon, Thalwil, Oberrieden (AO-RTO) nahmen im September 2013 am Festival Internazionale di Fisarmonica Guido Bogliolo teil. Veranstalter vor Ort war der bekannte Musiker und Akkordeonweltmeister Giacomo M. Bogliolo.</p>



<hr class="wp-block-separator has-alpha-channel-opacity"/>



<h2 class="wp-block-heading has-text-align-center has-medium-font-size">2021</h2>



<p>2021 wird das Akkordeon Orchester Wädenswil offiziell aufgelöst. Im Namen des Akkordeon-Orchesters Wädenswil verabschiedet sich der Präsident <strong>Traugott Weber </strong>im Rahmen des Konzertes in der Reformierten Kirche in Wädenswil am 5. Dezember 2021. </p>



<p>Die Spieler des Akkordeon-Orchesters Wädenswil blieben der Spielgemeinschaft mit dem AO-RTO und dem im 2023 fusionierten <strong>Akkordeon Orchester Zürichsee</strong> erhalten.</p>



<figure class="wp-block-gallery has-nested-images columns-default is-cropped wp-block-gallery-1 is-layout-flex wp-block-gallery-is-layout-flex">
<figure class="wp-block-image size-large"><img loading="lazy" decoding="async" width="1024" height="485" data-id="745" src="https://aozuerichsee.ch/wp-content/uploads/2023/10/20211205_165057-1024x485.jpg" alt="" class="wp-image-745" srcset="https://aozuerichsee.ch/wp-content/uploads/2023/10/20211205_165057-1024x485.jpg 1024w, https://aozuerichsee.ch/wp-content/uploads/2023/10/20211205_165057-300x142.jpg 300w, https://aozuerichsee.ch/wp-content/uploads/2023/10/20211205_165057-768x363.jpg 768w, https://aozuerichsee.ch/wp-content/uploads/2023/10/20211205_165057-1536x727.jpg 1536w, https://aozuerichsee.ch/wp-content/uploads/2023/10/20211205_165057-2048x969.jpg 2048w" sizes="auto, (max-width: 1024px) 100vw, 1024px" /></figure>



<figure class="wp-block-image size-large"><img loading="lazy" decoding="async" width="1024" height="461" data-id="746" src="https://aozuerichsee.ch/wp-content/uploads/2023/10/IMG-20211205-WA0007-1024x461.jpg" alt="" class="wp-image-746" srcset="https://aozuerichsee.ch/wp-content/uploads/2023/10/IMG-20211205-WA0007-1024x461.jpg 1024w, https://aozuerichsee.ch/wp-content/uploads/2023/10/IMG-20211205-WA0007-300x135.jpg 300w, https://aozuerichsee.ch/wp-content/uploads/2023/10/IMG-20211205-WA0007-768x346.jpg 768w, https://aozuerichsee.ch/wp-content/uploads/2023/10/IMG-20211205-WA0007-1536x692.jpg 1536w, https://aozuerichsee.ch/wp-content/uploads/2023/10/IMG-20211205-WA0007.jpg 2016w" sizes="auto, (max-width: 1024px) 100vw, 1024px" /></figure>
</figure>



<hr class="wp-block-separator has-alpha-channel-opacity"/>

<p>Die Geschichte des Akkordeon-Orchesters Wädenswil (AOW) ehemalig Handharmonika-Club Wädenswil (HCW) 1935 Am 11. November 1935 wurde der Verein Handharmonika-Club Wädenswil gegründet. Während 52 Jahren stand er unter der Leitung des Ehrendirigenten Angelo Rigon. 1965 1965 organisierte und führte der Verein für den Zürcher Kantonalen Harmonika-Musik-Verband ZKHMV das Kantonale Musikfest in Wädenswil durch. 1991 Ewald Hauser&hellip;</p>
