{"id":761,"date":"2023-10-13T10:13:40","date_gmt":"2023-10-13T08:13:40","guid":{"rendered":"https:\/\/aozuerichsee.ch\/?page_id=761"},"modified":"2024-07-04T14:36:55","modified_gmt":"2024-07-04T12:36:55","slug":"links","status":"publish","type":"page","link":"https:\/\/aozuerichsee.ch\/index.php\/links\/","title":{"rendered":"Links"},"content":{"rendered":"\n<p class=\"has-medium-font-size\"><a href=\"https:\/\/accordeon.ch\/\" target=\"_blank\" rel=\"noreferrer noopener\">accordeon.ch<\/a> Dachverband der Schweizer Akkordeon-Szene<\/p>\n\n\n\n<p class=\"has-medium-font-size\"><a href=\"https:\/\/www.horgen.ch\/#willkommen\" target=\"_blank\" rel=\"noreferrer noopener\">Gemeinde Horgen<\/a><\/p>\n\n\n\n<p class=\"has-medium-font-size\"><a href=\"https:\/\/www.leinsag.ch\/\" target=\"_blank\" rel=\"noreferrer noopener\">Leins AG, Horgen<\/a> Spenglerei, Sanit\u00e4r, Heizung und Blitzschutz<\/p>\n\n\n\n<p class=\"has-medium-font-size\"><a href=\"https:\/\/www.marcelfotografie.ch\/\" target=\"_blank\" rel=\"noreferrer noopener\">Marcel Fotografie Horgen<\/a><\/p>\n\n\n\n<p class=\"has-medium-font-size\"><a rel=\"noreferrer noopener\" href=\"https:\/\/hab.ooo\/\" target=\"_blank\">hab.ooo<\/a> Sponsoring Webhosting \/ Mail<\/p>\n\n\n\n<p class=\"has-medium-font-size\"><a href=\"https:\/\/www.hochzeitsplanung-zuerichsee.ch\/\" target=\"_blank\" rel=\"noreferrer noopener\">Hochzeitsplanung Z\u00fcrichsee<\/a><\/p>\n\n\n\n<p class=\"has-medium-font-size\"><a href=\"https:\/\/pizela.ch\/\" target=\"_blank\" rel=\"noreferrer noopener\">Hotel Piz Ela, Berg\u00fcn<\/a><\/p>\n\n\n\n<p class=\"has-medium-font-size\"><a href=\"https:\/\/www.musikschule-horgen.ch\/index.php\/ueber-uns\/\" target=\"_blank\" rel=\"noreferrer noopener\">Musikschule Horgen<\/a><\/p>\n\n\n\n<p class=\"has-medium-font-size\"><a href=\"https:\/\/www.mswr.ch\/\" target=\"_blank\" rel=\"noreferrer noopener\">Musikschule W\u00e4denswil-Richterswil<\/a><\/p>\n\n\n\n<p class=\"has-medium-font-size\"><a href=\"https:\/\/www.shantymen-staefa.ch\/\">Shanty Men St\u00e4fa<\/a><\/p>\n\n\n\n<p class=\"has-medium-font-size\"><a href=\"http:\/\/www.sigmaform.ch\">Sigmaform Horgen<\/a><\/p>\n\n\n\n<p class=\"has-medium-font-size\"><a href=\"http:\/\/www.antiquaires.ch\/sieber.html\" target=\"_blank\" rel=\"noreferrer noopener\">Sieber Teppiche<\/a><\/p>\n\n\n\n<p class=\"has-medium-font-size\"><a href=\"https:\/\/www.steinparadies.ch\/\" target=\"_blank\" rel=\"noreferrer noopener\">St\u00fcnzi&#8217;s Steinparadies<\/a><\/p>\n\n\n\n<hr class=\"wp-block-separator has-alpha-channel-opacity\"\/>\n","protected":false},"excerpt":{"rendered":"<p>accordeon.ch Dachverband der Schweizer Akkordeon-Szene Gemeinde Horgen Leins AG, Horgen Spenglerei, Sanit\u00e4r, Heizung und Blitzschutz Marcel Fotografie Horgen hab.ooo Sponsoring Webhosting \/ Mail Hochzeitsplanung Z\u00fcrichsee Hotel Piz Ela, Berg\u00fcn Musikschule Horgen Musikschule W\u00e4denswil-Richterswil Shanty Men St\u00e4fa Sigmaform Horgen Sieber Teppiche St\u00fcnzi&#8217;s Steinparadies<\/p>\n","protected":false},"author":3,"featured_media":0,"parent":0,"menu_order":0,"comment_status":"closed","ping_status":"closed","template":"","meta":{"footnotes":""},"class_list":["post-761","page","type-page","status-publish","hentry"],"_links":{"self":[{"href":"https:\/\/aozuerichsee.ch\/index.php\/wp-json\/wp\/v2\/pages\/761","targetHints":{"allow":["GET"]}}],"collection":[{"href":"https:\/\/aozuerichsee.ch\/index.php\/wp-json\/wp\/v2\/pages"}],"about":[{"href":"https:\/\/aozuerichsee.ch\/index.php\/wp-json\/wp\/v2\/types\/page"}],"author":[{"embeddable":true,"href":"https:\/\/aozuerichsee.ch\/index.php\/wp-json\/wp\/v2\/users\/3"}],"replies":[{"embeddable":true,"href":"https:\/\/aozuerichsee.ch\/index.php\/wp-json\/wp\/v2\/comments?post=761"}],"version-history":[{"count":11,"href":"https:\/\/aozuerichsee.ch\/index.php\/wp-json\/wp\/v2\/pages\/761\/revisions"}],"predecessor-version":[{"id":1357,"href":"https:\/\/aozuerichsee.ch\/index.php\/wp-json\/wp\/v2\/pages\/761\/revisions\/1357"}],"wp:attachment":[{"href":"https:\/\/aozuerichsee.ch\/index.php\/wp-json\/wp\/v2\/media?parent=761"}],"curies":[{"name":"wp","href":"https:\/\/api.w.org\/{rel}","templated":true}]}}