{"id":813,"date":"2023-10-16T11:34:41","date_gmt":"2023-10-16T09:34:41","guid":{"rendered":"https:\/\/aozuerichsee.ch\/?page_id=813"},"modified":"2025-08-06T21:53:37","modified_gmt":"2025-08-06T19:53:37","slug":"kontakt","status":"publish","type":"page","link":"https:\/\/aozuerichsee.ch\/index.php\/kontakt\/","title":{"rendered":"Kontakt"},"content":{"rendered":"\n<div class=\"wp-block-media-text is-stacked-on-mobile\" style=\"grid-template-columns:40% auto\"><figure class=\"wp-block-media-text__media\"><img loading=\"lazy\" decoding=\"async\" width=\"1024\" height=\"683\" src=\"https:\/\/aozuerichsee.ch\/wp-content\/uploads\/2024\/02\/AOz-Konzert-Nov-2023-104-1024x683.jpg\" alt=\"\" class=\"wp-image-1197 size-full\" srcset=\"https:\/\/aozuerichsee.ch\/wp-content\/uploads\/2024\/02\/AOz-Konzert-Nov-2023-104-1024x683.jpg 1024w, https:\/\/aozuerichsee.ch\/wp-content\/uploads\/2024\/02\/AOz-Konzert-Nov-2023-104-300x200.jpg 300w, https:\/\/aozuerichsee.ch\/wp-content\/uploads\/2024\/02\/AOz-Konzert-Nov-2023-104-768x512.jpg 768w, https:\/\/aozuerichsee.ch\/wp-content\/uploads\/2024\/02\/AOz-Konzert-Nov-2023-104-1536x1025.jpg 1536w, https:\/\/aozuerichsee.ch\/wp-content\/uploads\/2024\/02\/AOz-Konzert-Nov-2023-104-2048x1366.jpg 2048w\" sizes=\"auto, (max-width: 1024px) 100vw, 1024px\" \/><\/figure><div class=\"wp-block-media-text__content\">\n<p>\ud83d\udcec <strong>Haben Sie Fragen oder w\u00fcnschen Sie weitere Informationen?<\/strong> Wir freuen uns \u00fcber Ihre Nachricht! <\/p>\n<\/div><\/div>\n\n\n\n<div class=\"wp-block-columns is-layout-flex wp-container-core-columns-is-layout-9d6595d7 wp-block-columns-is-layout-flex\">\n<div class=\"wp-block-column is-layout-flow wp-block-column-is-layout-flow\">\n<h2 class=\"wp-block-heading\">Pr\u00e4sidium<\/h2>\n\n\n\n<p class=\"has-text-align-left has-medium-font-size\">Andrea Haller<\/p>\n\n\n<a href=\"&#x6d;&#97;i&#x6c;&#x74;&#111;:&#x70;&#x72;&#97;e&#x73;&#x69;&#100;i&#x75;&#x6d;&#64;a&#x6f;&#122;&#117;e&#x72;&#105;c&#x68;&#x73;&#101;e&#x2e;&#x63;&#104;?&#x73;&#x75;&#98;j&#x65;&#x63;&#116;=&#x41;&#x4f;&#37;2&#x30;&#90;&#37;&#x43;&#x33;&#37;B&#x43;&#x72;&#105;c&#x68;&#x73;&#101;e&#x25;&#x32;&#48;%&#x37;&#x43;&#37;2&#x30;&#65;&#110;f&#x72;&#97;g&#x65;&#x25;&#50;0&#x64;&#x75;&#114;c&#x68;&#x25;&#50;0&#x57;&#x65;&#98;s&#x65;&#x69;&#116;e\">&#112;r&#x61;e&#x73;i&#x64;i&#x75;&#109;&#x40;&#97;&#x6f;&#122;&#x75;&#101;r&#105;c&#x68;s&#x65;e&#x2e;&#99;&#x68;<\/a>\n\n\n\n<hr class=\"wp-block-separator has-alpha-channel-opacity\"\/>\n\n\n\n<h2 class=\"wp-block-heading\">Vizepr\u00e4sidium<\/h2>\n\n\n\n<p class=\"has-medium-font-size\">Doris Schaub-Weber<\/p>\n\n\n\n<div style=\"height:28px\" aria-hidden=\"true\" class=\"wp-block-spacer\"><\/div>\n\n\n\n<hr class=\"wp-block-separator has-alpha-channel-opacity\"\/>\n\n\n\n<h2 class=\"wp-block-heading\">Aktuariat<\/h2>\n\n\n\n<p class=\"has-medium-font-size\">Nadja S\u00e4uberli-Schnyder<\/p>\n\n\n<a href=\"&#109;&#x61;&#105;&#x6c;&#116;&#x6f;&#58;&#x6e;&#97;&#x64;&#106;&#x61;&#46;&#x73;&#97;&#x65;&#117;&#x62;&#101;&#x72;&#108;&#x69;&#64;&#x62;&#108;&#x75;e&#x77;i&#x6e;&#46;&#x63;h&#x3f;s&#x75;b&#x6a;e&#x63;t&#x3d;A&#x4f;%&#50;0&#90;%&#67;&#x33;&#37;&#x42;&#67;&#x72;&#105;&#x63;&#104;&#x73;&#101;&#x65;&#37;&#x32;&#48;&#x25;&#55;&#x43;&#37;&#x32;&#48;&#x41;&#110;&#x66;&#114;&#x61;g&#x65;%&#x32;0&#x64;u&#x72;c&#x68;%&#x32;0&#x57;e&#x62;s&#x65;i&#116;e\">&#x6e;&#97;d&#x6a;&#x61;&#46;s&#x61;&#x65;&#117;b&#x65;&#114;l&#x69;&#x40;&#98;l&#x75;&#x65;&#119;i&#x6e;&#46;&#99;&#x68;<\/a>\n\n\n\n<hr class=\"wp-block-separator has-alpha-channel-opacity\"\/>\n<\/div>\n\n\n\n<div class=\"wp-block-column is-layout-flow wp-block-column-is-layout-flow\">\n<h2 class=\"wp-block-heading\">Musikalische Leitung<\/h2>\n\n\n\n<p class=\"has-medium-font-size\">Susanna Hug-Iten<\/p>\n\n\n<a href=\"&#109;&#x61;&#x69;&#108;&#x74;&#x6f;:&#x73;&#x75;s&#97;&#x6e;n&#97;&#x2e;h&#117;&#x67;&#64;&#103;&#x6d;x&#46;&#x63;&#x68;&#63;&#x73;&#x75;&#98;&#x6a;&#x65;c&#x74;&#x3d;A&#79;&#x25;2&#48;&#x5a;%&#67;&#x33;%&#66;&#x43;r&#105;&#x63;&#x68;&#115;&#x65;&#x65;&#37;&#x32;&#x30;%&#x37;&#x43;%&#50;&#x30;A&#110;&#x66;r&#97;&#x67;e&#37;&#x32;0&#77;&#x75;&#x73;&#105;&#x6b;&#x61;&#108;&#x69;&#x73;c&#x68;&#x65;%&#50;&#x30;L&#101;&#x69;t&#117;&#x6e;g\">&#115;&#x75;&#115;&#x61;&#110;&#x6e;a&#x2e;h&#x75;g&#64;&#x67;&#109;&#x78;&#46;&#x63;&#104;<\/a>\n\n\n\n<hr class=\"wp-block-separator has-alpha-channel-opacity\"\/>\n\n\n\n<h2 class=\"wp-block-heading\">Finanzen<\/h2>\n\n\n\n<p class=\"has-medium-font-size\">Traugott Weber<\/p>\n\n\n<a href=\"&#109;&#x61;&#105;&#x6c;&#116;&#x6f;:&#x74;r&#x61;w&#101;&#x62;&#101;&#x72;&#64;&#x62;&#108;&#x75;e&#x77;i&#x6e;&#46;&#99;&#x68;&#63;&#x73;&#117;&#x62;&#106;&#x65;c&#x74;=&#x41;O&#37;&#x32;&#48;&#x5a;&#37;&#x43;3&#x25;B&#x43;r&#105;&#x63;&#104;&#x73;&#101;&#x65;&#37;&#x32;0&#x25;7&#x43;%&#50;&#x30;&#70;&#x69;&#110;&#x61;&#110;&#x7a;a&#x6e;f&#x72;a&#103;&#x65;\">&#x74;&#x72;&#x61;&#x77;&#101;&#98;er&#64;&#x62;&#x6c;&#x75;&#x65;&#119;&#105;n&#46;c&#x68;<\/a>\n\n\n\n<hr class=\"wp-block-separator has-alpha-channel-opacity\"\/>\n\n\n\n<h2 class=\"wp-block-heading\">Material<\/h2>\n\n\n\n<p class=\"has-medium-font-size\">Beat Leins<\/p>\n\n\n\n<div style=\"height:28px\" aria-hidden=\"true\" class=\"wp-block-spacer\"><\/div>\n\n\n\n<hr class=\"wp-block-separator has-alpha-channel-opacity\"\/>\n<\/div>\n<\/div>\n\n\n<div class=\"wp-block-image is-style-rounded\">\n<figure class=\"alignleft size-large is-resized\"><img loading=\"lazy\" decoding=\"async\" width=\"1024\" height=\"486\" src=\"https:\/\/aozuerichsee.ch\/wp-content\/uploads\/2023\/10\/20230310_191218-scaled-e1697097132580-1024x486.jpg\" alt=\"Spieler Akkordeon Orchester Horgen\" class=\"wp-image-662\" style=\"aspect-ratio:2.1069958847736627;width:752px;height:auto\" srcset=\"https:\/\/aozuerichsee.ch\/wp-content\/uploads\/2023\/10\/20230310_191218-scaled-e1697097132580-1024x486.jpg 1024w, https:\/\/aozuerichsee.ch\/wp-content\/uploads\/2023\/10\/20230310_191218-scaled-e1697097132580-300x143.jpg 300w, https:\/\/aozuerichsee.ch\/wp-content\/uploads\/2023\/10\/20230310_191218-scaled-e1697097132580-768x365.jpg 768w, https:\/\/aozuerichsee.ch\/wp-content\/uploads\/2023\/10\/20230310_191218-scaled-e1697097132580-1536x730.jpg 1536w, https:\/\/aozuerichsee.ch\/wp-content\/uploads\/2023\/10\/20230310_191218-scaled-e1697097132580-2048x973.jpg 2048w\" sizes=\"auto, (max-width: 1024px) 100vw, 1024px\" \/><\/figure>\n<\/div>","protected":false},"excerpt":{"rendered":"<p>\ud83d\udcec Haben Sie Fragen oder w\u00fcnschen Sie weitere Informationen? Wir freuen uns \u00fcber Ihre Nachricht! Pr\u00e4sidium Andrea Haller Vizepr\u00e4sidium Doris Schaub-Weber Aktuariat Nadja S\u00e4uberli-Schnyder Musikalische Leitung Susanna Hug-Iten Finanzen Traugott Weber Material Beat Leins<\/p>\n","protected":false},"author":3,"featured_media":0,"parent":0,"menu_order":0,"comment_status":"closed","ping_status":"closed","template":"","meta":{"footnotes":""},"class_list":["post-813","page","type-page","status-publish","hentry"],"_links":{"self":[{"href":"https:\/\/aozuerichsee.ch\/index.php\/wp-json\/wp\/v2\/pages\/813","targetHints":{"allow":["GET"]}}],"collection":[{"href":"https:\/\/aozuerichsee.ch\/index.php\/wp-json\/wp\/v2\/pages"}],"about":[{"href":"https:\/\/aozuerichsee.ch\/index.php\/wp-json\/wp\/v2\/types\/page"}],"author":[{"embeddable":true,"href":"https:\/\/aozuerichsee.ch\/index.php\/wp-json\/wp\/v2\/users\/3"}],"replies":[{"embeddable":true,"href":"https:\/\/aozuerichsee.ch\/index.php\/wp-json\/wp\/v2\/comments?post=813"}],"version-history":[{"count":50,"href":"https:\/\/aozuerichsee.ch\/index.php\/wp-json\/wp\/v2\/pages\/813\/revisions"}],"predecessor-version":[{"id":1466,"href":"https:\/\/aozuerichsee.ch\/index.php\/wp-json\/wp\/v2\/pages\/813\/revisions\/1466"}],"wp:attachment":[{"href":"https:\/\/aozuerichsee.ch\/index.php\/wp-json\/wp\/v2\/media?parent=813"}],"curies":[{"name":"wp","href":"https:\/\/api.w.org\/{rel}","templated":true}]}}